{"id":214128,"date":"2019-08-04T18:08:10","date_gmt":"2019-08-04T17:08:10","guid":{"rendered":"http:\/\/www.fleurus-athletisme.be\/Fleu\/?page_id=214128"},"modified":"2024-10-18T11:28:59","modified_gmt":"2024-10-18T09:28:59","slug":"barbecue-du-club","status":"publish","type":"page","link":"https:\/\/www.fleurus-athletisme.be\/Fleu\/barbecue-du-club\/","title":{"rendered":"Barbecue du club"},"content":{"rendered":"<section id=\"bt_bb_section69f1e419cd7fb\" class=\"bt_bb_section bt_bb_layout_boxed_1200\"  data-bt-override-class=\"null\"><div class=\"bt_bb_port\"><div class=\"bt_bb_cell\"><div class=\"bt_bb_cell_inner\"><div class=\"bt_bb_row \"  data-bt-override-class=\"{}\"><div class=\"bt_bb_row_holder\" ><div  class=\"bt_bb_column col-xxl-12 col-xl-12 bt_bb_vertical_align_top bt_bb_align_left bt_bb_padding_normal\" style=\"; --column-width:12;\" data-width=\"12\" data-bt-override-class=\"{}\"><div class=\"bt_bb_column_content\"><div class=\"bt_bb_column_content_inner\"><div class=\"bt_bb_separator bt_bb_border_style_none bt_bb_bottom_spacing_medium\" data-bt-override-class=\"null\"><\/div><header data-bb-version=\"4.9.1\" class=\"bt_bb_headline bt_bb_subheadline_text_transform_default bt_bb_dash_none bt_bb_subheadline bt_bb_size_inherit bt_bb_align_inherit\" data-bt-override-class=\"{&quot;bt_bb_size_&quot;:{&quot;current_class&quot;:&quot;bt_bb_size_inherit&quot;,&quot;xxl&quot;:&quot;inherit&quot;},&quot;bt_bb_align_&quot;:{&quot;current_class&quot;:&quot;bt_bb_align_inherit&quot;,&quot;xxl&quot;:&quot;inherit&quot;}}\"><h1 class=\"bt_bb_headline_tag\"><span class=\"bt_bb_headline_content\"><span>Barbecue<\/span><\/span><\/h1><div class=\"bt_bb_headline_subheadline\">Le barbecue, c'est bonne ambiance garantie entre amis. Nous vous attendons bien \u00e9videmment nombreux comme tous les ans.<\/p><br \/>\n<p>Le principe reste le m\u00eame, le club fournit les saucisses et auberge espagnole pour les accompagnements et dessert. Vous amenez donc ce que vous voulez.<\/p><br \/>\n<p>D'ann\u00e9es en ann\u00e9es, le barbecue perp\u00e9tue afin de garder cette convivialit\u00e9 qui unit les membres du club. Cela permet de faire de nouvelles rencontres et de renforcer les liens entre tous.<\/p><br \/>\n<p>En 2025, le barbecue se d\u00e9roulera le 27 juin. Bloquez d'or et d\u00e9j\u00e0 la date.<\/div><\/header><div class=\"bt_bb_separator bt_bb_border_style_none bt_bb_bottom_spacing_medium\" data-bt-override-class=\"null\"><\/div><\/div><\/div><\/div><\/div><\/div><\/div><!-- cell_inner --><\/div><!-- cell --><\/div><!-- port --><\/section>\n","protected":false},"excerpt":{"rendered":"","protected":false},"author":1,"featured_media":0,"parent":0,"menu_order":0,"comment_status":"closed","ping_status":"closed","template":"","meta":{"footnotes":""},"class_list":["post-214128","page","type-page","status-publish","hentry"],"_links":{"self":[{"href":"https:\/\/www.fleurus-athletisme.be\/Fleu\/wp-json\/wp\/v2\/pages\/214128","targetHints":{"allow":["GET"]}}],"collection":[{"href":"https:\/\/www.fleurus-athletisme.be\/Fleu\/wp-json\/wp\/v2\/pages"}],"about":[{"href":"https:\/\/www.fleurus-athletisme.be\/Fleu\/wp-json\/wp\/v2\/types\/page"}],"author":[{"embeddable":true,"href":"https:\/\/www.fleurus-athletisme.be\/Fleu\/wp-json\/wp\/v2\/users\/1"}],"replies":[{"embeddable":true,"href":"https:\/\/www.fleurus-athletisme.be\/Fleu\/wp-json\/wp\/v2\/comments?post=214128"}],"version-history":[{"count":1,"href":"https:\/\/www.fleurus-athletisme.be\/Fleu\/wp-json\/wp\/v2\/pages\/214128\/revisions"}],"predecessor-version":[{"id":216901,"href":"https:\/\/www.fleurus-athletisme.be\/Fleu\/wp-json\/wp\/v2\/pages\/214128\/revisions\/216901"}],"wp:attachment":[{"href":"https:\/\/www.fleurus-athletisme.be\/Fleu\/wp-json\/wp\/v2\/media?parent=214128"}],"curies":[{"name":"wp","href":"https:\/\/api.w.org\/{rel}","templated":true}]}}

<section id="bt_bb_section69f1e419cd7fb" class="bt_bb_section bt_bb_layout_boxed_1200"  data-bt-override-class="null"><div class="bt_bb_port"><div class="bt_bb_cell"><div class="bt_bb_cell_inner"><div class="bt_bb_row "  data-bt-override-class="{}"><div class="bt_bb_row_holder" ><div  class="bt_bb_column col-xxl-12 col-xl-12 bt_bb_vertical_align_top bt_bb_align_left bt_bb_padding_normal" style="; --column-width:12;" data-width="12" data-bt-override-class="{}"><div class="bt_bb_column_content"><div class="bt_bb_column_content_inner"><div class="bt_bb_separator bt_bb_border_style_none bt_bb_bottom_spacing_medium" data-bt-override-class="null"></div><header data-bb-version="4.9.1" class="bt_bb_headline bt_bb_subheadline_text_transform_default bt_bb_dash_none bt_bb_subheadline bt_bb_size_inherit bt_bb_align_inherit" data-bt-override-class="{&quot;bt_bb_size_&quot;:{&quot;current_class&quot;:&quot;bt_bb_size_inherit&quot;,&quot;xxl&quot;:&quot;inherit&quot;},&quot;bt_bb_align_&quot;:{&quot;current_class&quot;:&quot;bt_bb_align_inherit&quot;,&quot;xxl&quot;:&quot;inherit&quot;}}"><h1 class="bt_bb_headline_tag"><span class="bt_bb_headline_content"><span>Barbecue</span></span></h1><div class="bt_bb_headline_subheadline">Le barbecue, c'est bonne ambiance garantie entre amis. Nous vous attendons bien évidemment nombreux comme tous les ans.</p><br />
<p>Le principe reste le même, le club fournit les saucisses et auberge espagnole pour les accompagnements et dessert. Vous amenez donc ce que vous voulez.</p><br />
<p>D'années en années, le barbecue perpétue afin de garder cette convivialité qui unit les membres du club. Cela permet de faire de nouvelles rencontres et de renforcer les liens entre tous.</p><br />
<p>En 2025, le barbecue se déroulera le 27 juin. Bloquez d'or et déjà la date.</div></header><div class="bt_bb_separator bt_bb_border_style_none bt_bb_bottom_spacing_medium" data-bt-override-class="null"></div></div></div></div></div></div></div><!-- cell_inner --></div><!-- cell --></div><!-- port --></section>
